{"id":13,"date":"2025-10-12T12:54:27","date_gmt":"2025-10-12T12:54:27","guid":{"rendered":"https:\/\/dolunayozbek.com\/?page_id=13"},"modified":"2025-10-12T12:54:27","modified_gmt":"2025-10-12T12:54:27","slug":"hakkimda","status":"publish","type":"page","link":"https:\/\/dolunayozbek.com\/?page_id=13","title":{"rendered":"HAKKIMDA"},"content":{"rendered":"\n<p>Ben kelimelere s\u0131\u011f\u0131nm\u0131yorum;<br>onlar\u0131 benli\u011fimin uzant\u0131s\u0131 olarak ya\u015f\u0131yorum.<br>Yazmak benim i\u00e7in bir ka\u00e7\u0131\u015f de\u011fil,<br>kendime var\u0131\u015f bi\u00e7imi.<\/p>\n\n\n\n<p>Ben yazarken sadece harfleri dizmiyorum.<br>Zaman\u0131, ge\u00e7mi\u015fi ve gelece\u011fi<br>bir anda \u015fimdiye \u00e7a\u011f\u0131r\u0131yorum.<br>Ge\u00e7mi\u015fin izlerini, gelece\u011fin hayalini<br>tek bir sat\u0131ra g\u00f6mebiliyorum.<\/p>\n\n\n\n<p>Kelimeleri se\u00e7miyorum; onlar beni buluyor.<br>Bir d\u00fc\u015f\u00fcnce beliriyor ans\u0131z\u0131n,<br>bir kelime do\u011furuyor,<br>ve o kelime ba\u015fka bir evrenin kap\u0131s\u0131n\u0131 aral\u0131yor.<br>D\u00fc\u015f\u00fcnerek do\u011furuyorum,<br>yazarak b\u00fcy\u00fct\u00fcyorum.<\/p>\n\n\n\n<p>Yazarak iyile\u015fiyorum.<br>Yazarak \u00f6fkemi evcille\u015ftiriyorum.<br>Bazen yazarak seviyor,<br>bazen yazarak susuyorum.<\/p>\n\n\n\n<p>\u0130lham benim i\u00e7in sadece bir \u0131\u015f\u0131k de\u011fil.<br>Bazen bir g\u00f6lge, bir sessizlik,<br>bir \u00e7eli\u015fki, hatta bir hayal k\u0131r\u0131kl\u0131\u011f\u0131 bile bana yazar.<br>\u00c7\u00fcnk\u00fc ben sosyal medyada g\u00f6r\u00fcn\u00fcr olmak i\u00e7in yazm\u0131yorum \u2014<br>derinle\u015fmek i\u00e7in yaz\u0131yorum.<\/p>\n\n\n\n<p>Komik olabilirim, e\u011flenceli olabilirim,<br>ama esas mesaim anlam \u00fcretmek.<br>\u00c7\u00fcnk\u00fc ben yaln\u0131zca bir yazar de\u011filim;<br>bir d\u00fc\u015f\u00fcnenim, bir hissedenim, bir ya\u015fayan\u0131m.<br>Ve b\u00fct\u00fcn bunlar\u0131 kelimelerle dokurum.<\/p>\n\n\n\n<p>Yazmak benim i\u00e7in \u00f6zg\u00fcrl\u00fck demek.<br>Ger\u00e7ek benli\u011fimi anlatabildi\u011fim,<br>\u00f6zg\u00fcrce var olabildi\u011fim,<br>hi\u00e7bir rol yapmad\u0131\u011f\u0131m bir yer.<\/p>\n\n\n\n<p>Bu y\u00fczden yazarken e\u011filmem,<br>\u00f6z\u00fcr dilemem, kendimi k\u0131smam.<br>Yazmak benim ta\u00e7 giyme t\u00f6renimdir.<\/p>\n\n\n\n<p>Ben yazarken kad\u0131n olurum;<br>bir krali\u00e7e gibi kendime h\u00fckmederim.<br>Ge\u00e7mi\u015fin \u00f6\u011frettiklerini, gelece\u011fin \u00e7a\u011fr\u0131s\u0131n\u0131<br>tek bir sat\u0131ra ta\u015f\u0131r\u0131m.<\/p>\n\n\n\n<p>Ve i\u015fte tam da bu y\u00fczden\u2026<br>yazmaya devam edece\u011fim.<br>Kendime ula\u015fman\u0131n en sessiz<br>ve en y\u00fcksek sesiyle.<\/p>\n\n\n\n<p><\/p>\n","protected":false},"excerpt":{"rendered":"<p>Ben kelimelere s\u0131\u011f\u0131nm\u0131yorum;onlar\u0131 benli\u011fimin uzant\u0131s\u0131 olarak ya\u015f\u0131yorum.Yazmak benim i\u00e7in bir ka\u00e7\u0131\u015f de\u011fil,kendime var\u0131\u015f bi\u00e7imi. Ben yazarken sadece harfleri dizmiyorum.Zaman\u0131, ge\u00e7mi\u015fi ve gelece\u011fibir anda \u015fimdiye \u00e7a\u011f\u0131r\u0131yorum.Ge\u00e7mi\u015fin &hellip;<\/p>\n","protected":false},"author":1,"featured_media":0,"parent":0,"menu_order":0,"comment_status":"closed","ping_status":"closed","template":"","meta":{"footnotes":""},"class_list":["post-13","page","type-page","status-publish","hentry"],"_links":{"self":[{"href":"https:\/\/dolunayozbek.com\/index.php?rest_route=\/wp\/v2\/pages\/13","targetHints":{"allow":["GET"]}}],"collection":[{"href":"https:\/\/dolunayozbek.com\/index.php?rest_route=\/wp\/v2\/pages"}],"about":[{"href":"https:\/\/dolunayozbek.com\/index.php?rest_route=\/wp\/v2\/types\/page"}],"author":[{"embeddable":true,"href":"https:\/\/dolunayozbek.com\/index.php?rest_route=\/wp\/v2\/users\/1"}],"replies":[{"embeddable":true,"href":"https:\/\/dolunayozbek.com\/index.php?rest_route=%2Fwp%2Fv2%2Fcomments&post=13"}],"version-history":[{"count":1,"href":"https:\/\/dolunayozbek.com\/index.php?rest_route=\/wp\/v2\/pages\/13\/revisions"}],"predecessor-version":[{"id":14,"href":"https:\/\/dolunayozbek.com\/index.php?rest_route=\/wp\/v2\/pages\/13\/revisions\/14"}],"wp:attachment":[{"href":"https:\/\/dolunayozbek.com\/index.php?rest_route=%2Fwp%2Fv2%2Fmedia&parent=13"}],"curies":[{"name":"wp","href":"https:\/\/api.w.org\/{rel}","templated":true}]}}