{"id":40,"date":"2025-10-12T14:58:53","date_gmt":"2025-10-12T14:58:53","guid":{"rendered":"https:\/\/dolunayozbek.com\/?page_id=40"},"modified":"2025-10-12T15:36:29","modified_gmt":"2025-10-12T15:36:29","slug":"iletisim","status":"publish","type":"page","link":"https:\/\/dolunayozbek.com\/?page_id=40","title":{"rendered":"\u0130LET\u0130\u015e\u0130M"},"content":{"rendered":"\n<p>Her ba\u011f, bir kelimeyle ba\u015flar.<\/p>\n\n\n\n<p>Bazen bir sat\u0131r, bazen bir sessizliktir o ba\u011f\u0131n kendisi.<\/p>\n\n\n\n<p>Sessizli\u011fin i\u00e7inde yank\u0131lanan bir kelime bile, bazen b\u00fct\u00fcn mesafeleri kald\u0131r\u0131r.<\/p>\n\n\n\n<p><\/p>\n\n\n\n<figure class=\"wp-block-pullquote\"><blockquote><p>E-POSTA: dolunayozbek777@gmail.com<\/p><\/blockquote><\/figure>\n","protected":false},"excerpt":{"rendered":"<p>Her ba\u011f, bir kelimeyle ba\u015flar. Bazen bir sat\u0131r, bazen bir sessizliktir o ba\u011f\u0131n kendisi. Sessizli\u011fin i\u00e7inde yank\u0131lanan bir kelime bile, bazen b\u00fct\u00fcn mesafeleri kald\u0131r\u0131r. E-POSTA: &hellip;<\/p>\n","protected":false},"author":1,"featured_media":0,"parent":0,"menu_order":0,"comment_status":"closed","ping_status":"closed","template":"","meta":{"footnotes":""},"class_list":["post-40","page","type-page","status-publish","hentry"],"_links":{"self":[{"href":"https:\/\/dolunayozbek.com\/index.php?rest_route=\/wp\/v2\/pages\/40","targetHints":{"allow":["GET"]}}],"collection":[{"href":"https:\/\/dolunayozbek.com\/index.php?rest_route=\/wp\/v2\/pages"}],"about":[{"href":"https:\/\/dolunayozbek.com\/index.php?rest_route=\/wp\/v2\/types\/page"}],"author":[{"embeddable":true,"href":"https:\/\/dolunayozbek.com\/index.php?rest_route=\/wp\/v2\/users\/1"}],"replies":[{"embeddable":true,"href":"https:\/\/dolunayozbek.com\/index.php?rest_route=%2Fwp%2Fv2%2Fcomments&post=40"}],"version-history":[{"count":2,"href":"https:\/\/dolunayozbek.com\/index.php?rest_route=\/wp\/v2\/pages\/40\/revisions"}],"predecessor-version":[{"id":51,"href":"https:\/\/dolunayozbek.com\/index.php?rest_route=\/wp\/v2\/pages\/40\/revisions\/51"}],"wp:attachment":[{"href":"https:\/\/dolunayozbek.com\/index.php?rest_route=%2Fwp%2Fv2%2Fmedia&parent=40"}],"curies":[{"name":"wp","href":"https:\/\/api.w.org\/{rel}","templated":true}]}}